{"id":23,"date":"2024-08-17T22:11:30","date_gmt":"2024-08-17T22:11:30","guid":{"rendered":"http:\/\/46.28.110.232\/?page_id=23"},"modified":"2025-05-25T17:11:15","modified_gmt":"2025-05-25T17:11:15","slug":"o-festivalu","status":"publish","type":"page","link":"https:\/\/hcimf.cz\/index.php\/o-festivalu\/","title":{"rendered":"O Festivalu"},"content":{"rendered":"\n<h2 class=\"wp-block-heading\"> Harmonia Caelestis je festival klasick\u00e9 hudby, kter\u00fd se kon\u00e1 v malebn\u00fdch kulis\u00e1ch Plze\u0148sk\u00e9ho kraje, ji\u017en\u00edch \u010cech a Karlovarsk\u00e9ho kraje. Jeho c\u00edlem je zp\u0159\u00edstupnit \u0161irok\u00e9 ve\u0159ejnosti kr\u00e1su a bohatstv\u00ed klasick\u00e9 hudby a propojit lidi z r\u016fzn\u00fdch kout\u016f sv\u011bta prost\u0159ednictv\u00edm sd\u00edlen\u00e9ho z\u00e1\u017eitku z \u017eiv\u00e9ho hudebn\u00edho um\u011bn\u00ed.<\/h2>\n\n\n\n<h3 class=\"wp-block-heading\">Gener\u00e1ln\u00edm partnerem tohoto ro\u010dn\u00edku festivalu je Plze\u0148sk\u00e1 diec\u00e9ze C\u010cSH, kter\u00e1 tak vyjad\u0159uje sv\u016fj z\u00e1jem o podporu kulturn\u00edho \u017eivota v regionu a \u0161\u00ed\u0159en\u00ed duchovn\u00edch hodnot. Festival se kon\u00e1 pod z\u00e1\u0161titou plze\u0148sk\u00e9ho husitsk\u00e9ho biskupa Luk\u00e1\u0161e Bujny. Po\u0159adatelem festivalu je Institut plze\u0148sk\u00e9 diec\u00e9ze.<br><br>Koncerty jsou po\u0159\u00e1d\u00e1ny za finan\u010dn\u00ed podpory Ministerstva kultury \u010cR, Magistr\u00e1tu m\u011bsta Plzn\u011b a m\u011bsta Milevska.<br><br>Program festivalu je pestr\u00fd a zahrnuje koncerty renomovan\u00fdch \u010desk\u00fdch i zahrani\u010dn\u00edch soubor\u016f a s\u00f3list\u016f. Nab\u00edz\u00ed \u0161irokou \u0161k\u00e1lu hudebn\u00edch styl\u016f od baroka po sou\u010dasnost, s d\u016frazem na duchovn\u00ed hudbu.<br><br>Festival Harmonia Caelestis je jedine\u010dnou p\u0159\u00edle\u017eitost\u00ed vychutnat si kr\u00e1su klasick\u00e9 hudby v kr\u00e1sn\u00fdch historick\u00fdch pam\u00e1tk\u00e1ch i modern\u00edch prostor\u00e1ch a z\u00e1rove\u0148 se setkat s lidmi, kte\u0159\u00ed sd\u00edl\u00ed l\u00e1sku k hudb\u011b.<\/h3>\n\n\n\n<div class=\"wp-block-buttons is-layout-flex wp-block-buttons-is-layout-flex\">\n<div class=\"wp-block-button\"><a class=\"wp-block-button__link wp-element-button\" href=\"https:\/\/hcimf.cz\/\">Aktuality<\/a><\/div>\n\n\n\n<div class=\"wp-block-button\"><a class=\"wp-block-button__link wp-element-button\" href=\"https:\/\/hcimf.cz\/index.php\/program\/\">Program festivalu<\/a><\/div>\n\n\n\n<div class=\"wp-block-button\"><a class=\"wp-block-button__link wp-element-button\" href=\"https:\/\/hcimf.cz\/index.php\/historie\/\">Uplynul\u00e9 ro\u010dn\u00edky<\/a><\/div>\n<\/div>\n\n\n\n<p><\/p>\n","protected":false},"excerpt":{"rendered":"<p>Harmonia Caelestis je festival klasick\u00e9 hudby, kter\u00fd se kon\u00e1 v malebn\u00fdch kulis\u00e1ch Plze\u0148sk\u00e9ho kraje, ji\u017en\u00edch \u010cech a Karlovarsk\u00e9ho kraje. Jeho c\u00edlem je zp\u0159\u00edstupnit \u0161irok\u00e9 ve\u0159ejnosti kr\u00e1su a bohatstv\u00ed klasick\u00e9 hudby a propojit lidi z r\u016fzn\u00fdch kout\u016f sv\u011bta prost\u0159ednictv\u00edm sd\u00edlen\u00e9ho z\u00e1\u017eitku z \u017eiv\u00e9ho hudebn\u00edho um\u011bn\u00ed. Gener\u00e1ln\u00edm partnerem tohoto ro\u010dn\u00edku festivalu je Plze\u0148sk\u00e1 diec\u00e9ze C\u010cSH, kter\u00e1 tak &hellip; <\/p>\n<p class=\"link-more\"><a href=\"https:\/\/hcimf.cz\/index.php\/o-festivalu\/\" class=\"more-link\">Pokra\u010dovat ve \u010dten\u00ed<span class=\"screen-reader-text\"> &#8222;O Festivalu&#8220;<\/span><\/a><\/p>\n","protected":false},"author":1,"featured_media":0,"parent":0,"menu_order":0,"comment_status":"closed","ping_status":"closed","template":"","meta":{"footnotes":""},"class_list":["post-23","page","type-page","status-publish","hentry"],"_links":{"self":[{"href":"https:\/\/hcimf.cz\/index.php\/wp-json\/wp\/v2\/pages\/23","targetHints":{"allow":["GET"]}}],"collection":[{"href":"https:\/\/hcimf.cz\/index.php\/wp-json\/wp\/v2\/pages"}],"about":[{"href":"https:\/\/hcimf.cz\/index.php\/wp-json\/wp\/v2\/types\/page"}],"author":[{"embeddable":true,"href":"https:\/\/hcimf.cz\/index.php\/wp-json\/wp\/v2\/users\/1"}],"replies":[{"embeddable":true,"href":"https:\/\/hcimf.cz\/index.php\/wp-json\/wp\/v2\/comments?post=23"}],"version-history":[{"count":11,"href":"https:\/\/hcimf.cz\/index.php\/wp-json\/wp\/v2\/pages\/23\/revisions"}],"predecessor-version":[{"id":437,"href":"https:\/\/hcimf.cz\/index.php\/wp-json\/wp\/v2\/pages\/23\/revisions\/437"}],"wp:attachment":[{"href":"https:\/\/hcimf.cz\/index.php\/wp-json\/wp\/v2\/media?parent=23"}],"curies":[{"name":"wp","href":"https:\/\/api.w.org\/{rel}","templated":true}]}}

<h2 class="wp-block-heading"> Harmonia Caelestis je festival klasické hudby, který se koná v malebných kulisách Plzeňského kraje, jižních Čech a Karlovarského kraje. Jeho cílem je zpřístupnit široké veřejnosti krásu a bohatství klasické hudby a propojit lidi z různých koutů světa prostřednictvím sdíleného zážitku z živého hudebního umění.</h2>



<h3 class="wp-block-heading">Generálním partnerem tohoto ročníku festivalu je Plzeňská diecéze CČSH, která tak vyjadřuje svůj zájem o podporu kulturního života v regionu a šíření duchovních hodnot. Festival se koná pod záštitou plzeňského husitského biskupa Lukáše Bujny. Pořadatelem festivalu je Institut plzeňské diecéze.<br><br>Koncerty jsou pořádány za finanční podpory Ministerstva kultury ČR, Magistrátu města Plzně a města Milevska.<br><br>Program festivalu je pestrý a zahrnuje koncerty renomovaných českých i zahraničních souborů a sólistů. Nabízí širokou škálu hudebních stylů od baroka po současnost, s důrazem na duchovní hudbu.<br><br>Festival Harmonia Caelestis je jedinečnou příležitostí vychutnat si krásu klasické hudby v krásných historických památkách i moderních prostorách a zároveň se setkat s lidmi, kteří sdílí lásku k hudbě.</h3>



<div class="wp-block-buttons is-layout-flex wp-block-buttons-is-layout-flex">
<div class="wp-block-button"><a class="wp-block-button__link wp-element-button" href="https://hcimf.cz/">Aktuality</a></div>



<div class="wp-block-button"><a class="wp-block-button__link wp-element-button" href="https://hcimf.cz/index.php/program/">Program festivalu</a></div>



<div class="wp-block-button"><a class="wp-block-button__link wp-element-button" href="https://hcimf.cz/index.php/historie/">Uplynulé ročníky</a></div>
</div>



<p></p>

<p>Harmonia Caelestis je festival klasické hudby, který se koná v malebných kulisách Plzeňského kraje, jižních Čech a Karlovarského kraje. Jeho cílem je zpřístupnit široké veřejnosti krásu a bohatství klasické hudby a propojit lidi z různých koutů světa prostřednictvím sdíleného zážitku z živého hudebního umění. Generálním partnerem tohoto ročníku festivalu je Plzeňská diecéze CČSH, která tak &hellip; </p>
<p class="link-more"><a href="https://hcimf.cz/index.php/o-festivalu/" class="more-link">Pokračovat ve čtení<span class="screen-reader-text"> &#8222;O Festivalu&#8220;</span></a></p>
