{"id":25,"date":"2024-08-17T22:11:30","date_gmt":"2024-08-17T22:11:30","guid":{"rendered":"http:\/\/46.28.110.232\/?page_id=25"},"modified":"2025-05-25T15:30:14","modified_gmt":"2025-05-25T15:30:14","slug":"program2024","status":"publish","type":"page","link":"https:\/\/hcimf.cz\/index.php\/program2024\/","title":{"rendered":"Program 2024 &#8211; I. ro\u010dn\u00edk"},"content":{"rendered":"\n<p>P\u0159edstavujeme projekt \u010cesk\u00e1 klasick\u00e1 hudba v Plze\u0148sk\u00e9m kostele 2024<br>V pr\u016fb\u011bhu leto\u0161n\u00edho roku budou realizov\u00e1ny 4 koncerty klasick\u00e9 hudby \u010desk\u00fdch skladatel\u016f v interpretaci profesion\u00e1ln\u00edch hudebn\u00edk\u016f.<br><\/p>\n\n\n\n<p>Classicon XX. v Plzni \u2013 26. 5. 2024<br>Posledn\u00ed kv\u011btnovou ned\u011bli vystoup\u00ed v r\u00e1mci projektu \u010cesk\u00e1 klasick\u00e1 hudba v plze\u0148sk\u00e9m kostele 2024 seskupen\u00ed Classicon XX.<br><\/p>\n\n\n\n<p>Kristina Fialov\u00e1 a Petr Nouzovsk\u00fd v Plzni \u2013 30. 6. 2024<br>V ned\u011bli 30. \u010dervna vystoup\u00ed v r\u00e1mci projektu \u010cesk\u00e1 klasick\u00e1 hudba v plze\u0148sk\u00e9m kostele 2024 Kristina Fialov\u00e1 a Petr Nouzovsk\u00fd<br><\/p>\n\n\n\n<p>Apollon Quartet v Plzni \u2013 22. 9. 2024<br>Posledn\u00ed z\u00e1\u0159ijovou ned\u011bli vystoup\u00ed v r\u00e1mci projektu \u010cesk\u00e1 klasick\u00e1 hudba v plze\u0148sk\u00e9m kostele 2024 Apollon Quartet.<br><\/p>\n\n\n\n<div class=\"wp-block-buttons is-layout-flex wp-container-core-buttons-is-layout-a74382ec wp-block-buttons-is-layout-flex\">\n<div class=\"wp-block-button\"><a class=\"wp-block-button__link wp-element-button\" href=\"https:\/\/hcimf.cz\/index.php\/historie\/\">ZP\u011aT<\/a><\/div>\n<\/div>\n\n\n\n<p><\/p>\n","protected":false},"excerpt":{"rendered":"<p>P\u0159edstavujeme projekt \u010cesk\u00e1 klasick\u00e1 hudba v Plze\u0148sk\u00e9m kostele 2024V pr\u016fb\u011bhu leto\u0161n\u00edho roku budou realizov\u00e1ny 4 koncerty klasick\u00e9 hudby \u010desk\u00fdch skladatel\u016f v interpretaci profesion\u00e1ln\u00edch hudebn\u00edk\u016f. Classicon XX. v Plzni \u2013 26. 5. 2024Posledn\u00ed kv\u011btnovou ned\u011bli vystoup\u00ed v r\u00e1mci projektu \u010cesk\u00e1 klasick\u00e1 hudba v plze\u0148sk\u00e9m kostele 2024 seskupen\u00ed Classicon XX. Kristina Fialov\u00e1 a Petr Nouzovsk\u00fd v Plzni &hellip; <\/p>\n<p class=\"link-more\"><a href=\"https:\/\/hcimf.cz\/index.php\/program2024\/\" class=\"more-link\">Pokra\u010dovat ve \u010dten\u00ed<span class=\"screen-reader-text\"> &#8222;Program 2024 &#8211; I. ro\u010dn\u00edk&#8220;<\/span><\/a><\/p>\n","protected":false},"author":1,"featured_media":0,"parent":0,"menu_order":0,"comment_status":"closed","ping_status":"closed","template":"","meta":{"footnotes":""},"class_list":["post-25","page","type-page","status-publish","hentry"],"_links":{"self":[{"href":"https:\/\/hcimf.cz\/index.php\/wp-json\/wp\/v2\/pages\/25","targetHints":{"allow":["GET"]}}],"collection":[{"href":"https:\/\/hcimf.cz\/index.php\/wp-json\/wp\/v2\/pages"}],"about":[{"href":"https:\/\/hcimf.cz\/index.php\/wp-json\/wp\/v2\/types\/page"}],"author":[{"embeddable":true,"href":"https:\/\/hcimf.cz\/index.php\/wp-json\/wp\/v2\/users\/1"}],"replies":[{"embeddable":true,"href":"https:\/\/hcimf.cz\/index.php\/wp-json\/wp\/v2\/comments?post=25"}],"version-history":[{"count":7,"href":"https:\/\/hcimf.cz\/index.php\/wp-json\/wp\/v2\/pages\/25\/revisions"}],"predecessor-version":[{"id":366,"href":"https:\/\/hcimf.cz\/index.php\/wp-json\/wp\/v2\/pages\/25\/revisions\/366"}],"wp:attachment":[{"href":"https:\/\/hcimf.cz\/index.php\/wp-json\/wp\/v2\/media?parent=25"}],"curies":[{"name":"wp","href":"https:\/\/api.w.org\/{rel}","templated":true}]}}