{"id":331,"date":"2025-05-25T14:50:12","date_gmt":"2025-05-25T14:50:12","guid":{"rendered":"https:\/\/hcimf.cz\/?page_id=331"},"modified":"2025-05-25T17:21:50","modified_gmt":"2025-05-25T17:21:50","slug":"prof-roman-perucki","status":"publish","type":"page","link":"https:\/\/hcimf.cz\/index.php\/prof-roman-perucki\/","title":{"rendered":"Roman Perucki"},"content":{"rendered":"\n<p>V roce 1985 absolvoval Hudebn\u00ed akademii v Gda\u0148sku ve varhann\u00ed t\u0159\u00edd\u011b prof. Leona Batora. Je\u0161t\u011b t\u00e9ho\u017e roku zde zah\u00e1jil svou pedagogickou \u010dinnost a dnes p\u016fsob\u00ed jako profesor varhann\u00ed hry. Sv\u00e9 vzd\u011bl\u00e1n\u00ed si d\u00e1le roz\u0161i\u0159oval na mistrovsk\u00fdch kurzech v Polsku i v zahrani\u010d\u00ed.<\/p>\n\n\n\n<p>P\u016fsob\u00ed jako hlavn\u00ed varhan\u00edk v katedr\u00e1le v Gda\u0148sku-Oliw\u011b a je poradcem prim\u00e1tora m\u011bsta Gda\u0148sk v oblasti varhann\u00ed hudby. Zast\u00e1v\u00e1 funkci \u0159editele Baltsk\u00e9 filharmonie se s\u00eddlem v nov\u00e9m Kongresov\u011b-hudebn\u00edm centru v Gda\u0148sku (www.filharmonia.gda.pl). Je rovn\u011b\u017e prezidentem Spole\u010dnosti \u201eMusica Sacra\u201c a Spole\u010dnosti p\u0159\u00e1tel oliwsk\u00e9 katedr\u00e1ly. V\u00fdznamn\u011b se pod\u00edlel na vzniku nov\u00fdch varhan v Gda\u0148sku a jeho okol\u00ed.<\/p>\n\n\n\n<p>Prof. Perucki je um\u011bleck\u00fdm \u0159editelem nejstar\u0161\u00edho varhann\u00edho festivalu v Polsku \u2013 Mezin\u00e1rodn\u00edho festivalu varhann\u00ed hudby v oliwsk\u00e9 katedr\u00e1le, stejn\u011b jako Mezin\u00e1rodn\u00ed varhann\u00ed sout\u011b\u017ee J.P. Sweelincka v Gda\u0148sku. Organizuje tak\u00e9 dal\u0161\u00ed mezin\u00e1rodn\u00ed varhann\u00ed cykly (nap\u0159. v Gda\u0148sku, Fromborku, Jastarni, Stegn\u011b, Rumi, Jastrz\u0119biej G\u00f3\u0159e a \u017barnowci). \u010casto p\u016fsob\u00ed jako porotce varhann\u00edch sout\u011b\u017e\u00ed doma i v zahrani\u010d\u00ed (nap\u0159. ve Francii \u010di Rusku) a vede mistrovsk\u00e9 kurzy v Polsku, Portugalsku, Mexiku, Chorvatsku, Rusku a Francii.<\/p>\n\n\n\n<p>Doposud odehr\u00e1l p\u0159es 2500 varhann\u00edch koncert\u016f \u2013 s\u00f3lov\u00e9 recit\u00e1ly, koncerty s komorn\u00edmi i symfonick\u00fdmi orchestry, se s\u00f3listy i v duu, mimo jin\u00e9 se svou man\u017eelkou, houslistkou Mari\u00ed Peruckou. Vystupoval po cel\u00e9 Evrop\u011b, v Rusku, Japonsku, \u010c\u00edn\u011b, Mexiku, USA i Austr\u00e1lii. Hr\u00e1l nap\u0159\u00edklad v pa\u0159\u00ed\u017esk\u00e9 Notre-Dame, v katedr\u00e1le v Gentu, v Mariinsk\u00e9m divadle v Petrohradu a v dal\u0161\u00edch slavn\u00fdch koncertn\u00edch s\u00e1lech a chr\u00e1mech po cel\u00e9m sv\u011bt\u011b.<\/p>\n\n\n\n<p>M\u00e1 na sv\u00e9m kont\u011b \u0159adu nahr\u00e1vek na CD, spolupracuje s dom\u00e1c\u00edm i zahrani\u010dn\u00edm rozhlasem, televiz\u00ed a hudebn\u00edmi vydavatelstv\u00edmi. Z\u00edskal Cenu ministra kultury, n\u011bkolik ocen\u011bn\u00ed m\u011bsta Gda\u0148sk a nejvy\u0161\u0161\u00ed vatik\u00e1nsk\u00e9 vyznamen\u00e1n\u00ed Pro Ecclesia et Pontifice a \u0158\u00e1d sv. Silvestra, kter\u00e9ho si osobn\u011b nejv\u00edce v\u00e1\u017e\u00ed<\/p>\n\n\n\n<div class=\"wp-block-buttons is-layout-flex wp-block-buttons-is-layout-flex\">\n<div class=\"wp-block-button\"><a class=\"wp-block-button__link wp-element-button\" href=\"https:\/\/hcimf.cz\/index.php\/program\/\">ZP\u011aT<\/a><\/div>\n\n\n\n<div class=\"wp-block-button\"><a class=\"wp-block-button__link wp-element-button\" href=\"https:\/\/hcimf.cz\/index.php\/program-perucki\/\">PROGRAM<\/a><\/div>\n\n\n\n<div class=\"wp-block-button\"><a class=\"wp-block-button__link wp-element-button\" href=\"https:\/\/hcimf.cz\/index.php\/umelci\/\">UM\u011aLCI<\/a><\/div>\n<\/div>\n\n\n\n<p><\/p>\n","protected":false},"excerpt":{"rendered":"<p>V roce 1985 absolvoval Hudebn\u00ed akademii v Gda\u0148sku ve varhann\u00ed t\u0159\u00edd\u011b prof. Leona Batora. Je\u0161t\u011b t\u00e9ho\u017e roku zde zah\u00e1jil svou pedagogickou \u010dinnost a dnes p\u016fsob\u00ed jako profesor varhann\u00ed hry. Sv\u00e9 vzd\u011bl\u00e1n\u00ed si d\u00e1le roz\u0161i\u0159oval na mistrovsk\u00fdch kurzech v Polsku i v zahrani\u010d\u00ed. P\u016fsob\u00ed jako hlavn\u00ed varhan\u00edk v katedr\u00e1le v Gda\u0148sku-Oliw\u011b a je poradcem prim\u00e1tora m\u011bsta &hellip; <\/p>\n<p class=\"link-more\"><a href=\"https:\/\/hcimf.cz\/index.php\/prof-roman-perucki\/\" class=\"more-link\">Pokra\u010dovat ve \u010dten\u00ed<span class=\"screen-reader-text\"> &#8222;Roman Perucki&#8220;<\/span><\/a><\/p>\n","protected":false},"author":1,"featured_media":0,"parent":0,"menu_order":0,"comment_status":"closed","ping_status":"closed","template":"","meta":{"footnotes":""},"class_list":["post-331","page","type-page","status-publish","hentry"],"_links":{"self":[{"href":"https:\/\/hcimf.cz\/index.php\/wp-json\/wp\/v2\/pages\/331","targetHints":{"allow":["GET"]}}],"collection":[{"href":"https:\/\/hcimf.cz\/index.php\/wp-json\/wp\/v2\/pages"}],"about":[{"href":"https:\/\/hcimf.cz\/index.php\/wp-json\/wp\/v2\/types\/page"}],"author":[{"embeddable":true,"href":"https:\/\/hcimf.cz\/index.php\/wp-json\/wp\/v2\/users\/1"}],"replies":[{"embeddable":true,"href":"https:\/\/hcimf.cz\/index.php\/wp-json\/wp\/v2\/comments?post=331"}],"version-history":[{"count":5,"href":"https:\/\/hcimf.cz\/index.php\/wp-json\/wp\/v2\/pages\/331\/revisions"}],"predecessor-version":[{"id":445,"href":"https:\/\/hcimf.cz\/index.php\/wp-json\/wp\/v2\/pages\/331\/revisions\/445"}],"wp:attachment":[{"href":"https:\/\/hcimf.cz\/index.php\/wp-json\/wp\/v2\/media?parent=331"}],"curies":[{"name":"wp","href":"https:\/\/api.w.org\/{rel}","templated":true}]}}

<p>V roce 1985 absolvoval Hudební akademii v Gdaňsku ve varhanní třídě prof. Leona Batora. Ještě téhož roku zde zahájil svou pedagogickou činnost a dnes působí jako profesor varhanní hry. Své vzdělání si dále rozšiřoval na mistrovských kurzech v Polsku i v zahraničí.</p>



<p>Působí jako hlavní varhaník v katedrále v Gdaňsku-Oliwě a je poradcem primátora města Gdaňsk v oblasti varhanní hudby. Zastává funkci ředitele Baltské filharmonie se sídlem v novém Kongresově-hudebním centru v Gdaňsku (www.filharmonia.gda.pl). Je rovněž prezidentem Společnosti „Musica Sacra“ a Společnosti přátel oliwské katedrály. Významně se podílel na vzniku nových varhan v Gdaňsku a jeho okolí.</p>



<p>Prof. Perucki je uměleckým ředitelem nejstaršího varhanního festivalu v Polsku – Mezinárodního festivalu varhanní hudby v oliwské katedrále, stejně jako Mezinárodní varhanní soutěže J.P. Sweelincka v Gdaňsku. Organizuje také další mezinárodní varhanní cykly (např. v Gdaňsku, Fromborku, Jastarni, Stegně, Rumi, Jastrzębiej Góře a Żarnowci). Často působí jako porotce varhanních soutěží doma i v zahraničí (např. ve Francii či Rusku) a vede mistrovské kurzy v Polsku, Portugalsku, Mexiku, Chorvatsku, Rusku a Francii.</p>



<p>Doposud odehrál přes 2500 varhanních koncertů – sólové recitály, koncerty s komorními i symfonickými orchestry, se sólisty i v duu, mimo jiné se svou manželkou, houslistkou Marií Peruckou. Vystupoval po celé Evropě, v Rusku, Japonsku, Číně, Mexiku, USA i Austrálii. Hrál například v pařížské Notre-Dame, v katedrále v Gentu, v Mariinském divadle v Petrohradu a v dalších slavných koncertních sálech a chrámech po celém světě.</p>



<p>Má na svém kontě řadu nahrávek na CD, spolupracuje s domácím i zahraničním rozhlasem, televizí a hudebními vydavatelstvími. Získal Cenu ministra kultury, několik ocenění města Gdaňsk a nejvyšší vatikánské vyznamenání Pro Ecclesia et Pontifice a Řád sv. Silvestra, kterého si osobně nejvíce váží</p>



<div class="wp-block-buttons is-layout-flex wp-block-buttons-is-layout-flex">
<div class="wp-block-button"><a class="wp-block-button__link wp-element-button" href="https://hcimf.cz/index.php/program/">ZPĚT</a></div>



<div class="wp-block-button"><a class="wp-block-button__link wp-element-button" href="https://hcimf.cz/index.php/program-perucki/">PROGRAM</a></div>



<div class="wp-block-button"><a class="wp-block-button__link wp-element-button" href="https://hcimf.cz/index.php/umelci/">UMĚLCI</a></div>
</div>



<p></p>

<p>V roce 1985 absolvoval Hudební akademii v Gdaňsku ve varhanní třídě prof. Leona Batora. Ještě téhož roku zde zahájil svou pedagogickou činnost a dnes působí jako profesor varhanní hry. Své vzdělání si dále rozšiřoval na mistrovských kurzech v Polsku i v zahraničí. Působí jako hlavní varhaník v katedrále v Gdaňsku-Oliwě a je poradcem primátora města &hellip; </p>
<p class="link-more"><a href="https://hcimf.cz/index.php/prof-roman-perucki/" class="more-link">Pokračovat ve čtení<span class="screen-reader-text"> &#8222;Roman Perucki&#8220;</span></a></p>
