{"id":333,"date":"2025-05-25T14:51:20","date_gmt":"2025-05-25T14:51:20","guid":{"rendered":"https:\/\/hcimf.cz\/?page_id=333"},"modified":"2025-05-25T16:10:28","modified_gmt":"2025-05-25T16:10:28","slug":"jesus-sampedro-marquez","status":"publish","type":"page","link":"https:\/\/hcimf.cz\/index.php\/jesus-sampedro-marquez\/","title":{"rendered":"Jes\u00fas Sampedro M\u00e1rquez"},"content":{"rendered":"\n<p>Jes\u00fas Sampedro M\u00e1rquez je profesorem varhann\u00ed hry na Vy\u0161\u0161\u00ed hudebn\u00ed konzervato\u0159i v Seville, kde v sou\u010dasnosti zast\u00e1v\u00e1 vedouc\u00ed pozici v r\u00e1mci varhann\u00edho odd\u011blen\u00ed. Je \u0159editelem mezin\u00e1rodn\u00edho hudebn\u00edho cyklu Koncerty a meditace na varhany, kter\u00fd se kon\u00e1 v Seville na jeho vlastn\u00edch sal\u00f3nn\u00edch varhan\u00e1ch zna\u010dky A. Cavaill\u00e9-Coll \u2013 jedine\u010dn\u00e9m n\u00e1stroji sv\u00e9ho druhu ve \u0160pan\u011blsku. D\u00e1le vede mezin\u00e1rodn\u00ed varhann\u00ed festivaly v Seville, Arahalu a Marbelle a je p\u0159edsedou sdru\u017een\u00ed P\u0159\u00e1tel\u00e9 varhan Aristide Cavaill\u00e9-Coll v Seville<\/p>\n\n\n\n<p>Narodil se v Seville, kde tak\u00e9 z\u00edskal titul profesora varhann\u00ed hry. Studia d\u00e1le roz\u0161\u00ed\u0159il v M\u00e1laze, kde absolvoval s nejvy\u0161\u0161\u00edm mo\u017en\u00fdm hodnocen\u00edm. Ve vzd\u011bl\u00e1v\u00e1n\u00ed pokra\u010doval v Madridu a na CSIC v Barcelon\u011b, se zam\u011b\u0159en\u00edm na starou hudbu. Nejvy\u0161\u0161\u00ed odborn\u00e9 vzd\u011bl\u00e1n\u00ed z\u00edskal na pa\u0159\u00ed\u017esk\u00e9 konzervato\u0159i Saint-Maur-des-Foss\u00e9s ve t\u0159\u00edd\u011b Erica Lebruna. Po \u00fasp\u011b\u0161n\u00e9m absolutoriu mu porota slo\u017een\u00e1 z v\u00fdznamn\u00fdch evropsk\u00fdch varhan\u00edk\u016f \u2013 mezi nimi Daniel Roth a Jean Boyer \u2013 ud\u011blila medaili Vermeil jako uzn\u00e1n\u00ed jeho mimo\u0159\u00e1dn\u00e9 um\u011bleck\u00e9 a interpreta\u010dn\u00ed \u00farovn\u011b.<\/p>\n\n\n\n<p>M\u00e1 za sebou bohatou mezin\u00e1rodn\u00ed koncertn\u00ed \u010dinnost v Evrop\u011b i Rusku. Nato\u010dil n\u011bkolik alb v\u011bnovan\u00fdch varhann\u00edmu d\u011bdictv\u00ed a duchovn\u00ed hudb\u011b. Od roku 1999 p\u016fsob\u00ed jako pedagog na \u0159ad\u011b \u0161pan\u011blsk\u00fdch konzervato\u0159\u00ed a univerzit a pravideln\u011b vede mistrovsk\u00e9 kurzy v zahrani\u010d\u00ed v r\u00e1mci programu Erasmus. Aktivn\u011b se v\u011bnuje tak\u00e9 obnov\u011b, restaurov\u00e1n\u00ed a propagaci varhann\u00edho kulturn\u00edho d\u011bdictv\u00ed.<\/p>\n\n\n\n<div class=\"wp-block-buttons is-layout-flex wp-block-buttons-is-layout-flex\">\n<div class=\"wp-block-button\"><a class=\"wp-block-button__link wp-element-button\" href=\"https:\/\/hcimf.cz\/index.php\/program\/\">ZP\u011aT<\/a><\/div>\n\n\n\n<div class=\"wp-block-button\"><a class=\"wp-block-button__link wp-element-button\" href=\"https:\/\/hcimf.cz\/index.php\/program-jesus\/\">PROGRAM<\/a><\/div>\n\n\n\n<div class=\"wp-block-button\"><a class=\"wp-block-button__link wp-element-button\" href=\"https:\/\/hcimf.cz\/index.php\/umelci\/\">UM\u011aLCI<\/a><\/div>\n<\/div>\n\n\n\n<p><\/p>\n","protected":false},"excerpt":{"rendered":"<p>Jes\u00fas Sampedro M\u00e1rquez je profesorem varhann\u00ed hry na Vy\u0161\u0161\u00ed hudebn\u00ed konzervato\u0159i v Seville, kde v sou\u010dasnosti zast\u00e1v\u00e1 vedouc\u00ed pozici v r\u00e1mci varhann\u00edho odd\u011blen\u00ed. Je \u0159editelem mezin\u00e1rodn\u00edho hudebn\u00edho cyklu Koncerty a meditace na varhany, kter\u00fd se kon\u00e1 v Seville na jeho vlastn\u00edch sal\u00f3nn\u00edch varhan\u00e1ch zna\u010dky A. Cavaill\u00e9-Coll \u2013 jedine\u010dn\u00e9m n\u00e1stroji sv\u00e9ho druhu ve \u0160pan\u011blsku. D\u00e1le vede &hellip; <\/p>\n<p class=\"link-more\"><a href=\"https:\/\/hcimf.cz\/index.php\/jesus-sampedro-marquez\/\" class=\"more-link\">Pokra\u010dovat ve \u010dten\u00ed<span class=\"screen-reader-text\"> &#8222;Jes\u00fas Sampedro M\u00e1rquez&#8220;<\/span><\/a><\/p>\n","protected":false},"author":1,"featured_media":0,"parent":0,"menu_order":0,"comment_status":"closed","ping_status":"closed","template":"","meta":{"footnotes":""},"class_list":["post-333","page","type-page","status-publish","hentry"],"_links":{"self":[{"href":"https:\/\/hcimf.cz\/index.php\/wp-json\/wp\/v2\/pages\/333","targetHints":{"allow":["GET"]}}],"collection":[{"href":"https:\/\/hcimf.cz\/index.php\/wp-json\/wp\/v2\/pages"}],"about":[{"href":"https:\/\/hcimf.cz\/index.php\/wp-json\/wp\/v2\/types\/page"}],"author":[{"embeddable":true,"href":"https:\/\/hcimf.cz\/index.php\/wp-json\/wp\/v2\/users\/1"}],"replies":[{"embeddable":true,"href":"https:\/\/hcimf.cz\/index.php\/wp-json\/wp\/v2\/comments?post=333"}],"version-history":[{"count":3,"href":"https:\/\/hcimf.cz\/index.php\/wp-json\/wp\/v2\/pages\/333\/revisions"}],"predecessor-version":[{"id":387,"href":"https:\/\/hcimf.cz\/index.php\/wp-json\/wp\/v2\/pages\/333\/revisions\/387"}],"wp:attachment":[{"href":"https:\/\/hcimf.cz\/index.php\/wp-json\/wp\/v2\/media?parent=333"}],"curies":[{"name":"wp","href":"https:\/\/api.w.org\/{rel}","templated":true}]}}