{"id":337,"date":"2025-05-25T14:52:19","date_gmt":"2025-05-25T14:52:19","guid":{"rendered":"https:\/\/hcimf.cz\/?page_id=337"},"modified":"2025-05-25T16:25:29","modified_gmt":"2025-05-25T16:25:29","slug":"tomas-strasil","status":"publish","type":"page","link":"https:\/\/hcimf.cz\/index.php\/tomas-strasil\/","title":{"rendered":"Tom\u00e1\u0161 Stra\u0161il"},"content":{"rendered":"\n<p>Tom\u00e1\u0161 Stra\u0161il je absolventem Pra\u017esk\u00e9 konzervato\u0159e, kde studoval pod veden\u00edm Pavla S\u00e1dla, a Hudebn\u00ed fakulty Akademie m\u00fazick\u00fdch um\u011bn\u00ed v Praze u profesora Rudolfa Lojdy. Sv\u00e9 vzd\u011bl\u00e1n\u00ed si d\u00e1le prohluboval na mistrovsk\u00fdch kurzech u v\u00fdznamn\u00fdch osobnost\u00ed sv\u011btov\u00e9 violoncellov\u00e9 sc\u00e9ny, mezi nimi\u017e byli A. Ariscuren, M. Roche, P. Wispelwey, A. May, F. Smetana, E. Rattay a J. Chuchro.<\/p>\n\n\n\n<p>Je dr\u017eitelem \u010destn\u00fdch uzn\u00e1n\u00ed ze sout\u011b\u017e\u00ed o Cenu Beethovenova Hradce a finalistou mezin\u00e1rodn\u00ed sout\u011b\u017ee Prix Mercury \u2013 Semmering 1994. V letech 1994\u20132000 p\u016fsobil jako koncertn\u00ed mistr Sukova komorn\u00edho orchestru. Pravideln\u011b spolupracuje s \u010desk\u00fdmi i zahrani\u010dn\u00edmi t\u011blesy, nap\u0159\u00edklad s Brucknerov\u00fdm orchestrem v Linci, Severo\u010deskou filharmoni\u00ed Teplice, Filharmoni\u00ed Hradec Kr\u00e1lov\u00e9 nebo ans\u00e1mblem Musici di Praga.<\/p>\n\n\n\n<p>Vedle orchestr\u00e1ln\u00ed \u010dinnosti se intenzivn\u011b v\u011bnuje komorn\u00ed hudb\u011b. Je \u010dlenem soubor\u016f Trio Bergerettes, Mladota Ensemble, Pra\u017esk\u00e9 komorn\u00ed trio a Kubel\u00edkovo kvarteto. Z\u00e1rove\u0148 p\u016fsob\u00ed jako um\u011bleck\u00fd vedouc\u00ed komorn\u00edho orchestru Camerata Bohemica a sdru\u017een\u00ed Orchestrina Pangea.<\/p>\n\n\n\n<p>Pedagogicky p\u016fsob\u00ed na Pra\u017esk\u00e9 konzervato\u0159i a na Hudebn\u00ed fakult\u011b AMU v Praze, kde vyu\u010duje hru na violoncello a komorn\u00ed hudbu. Spolupracuje s \u010cesk\u00fdm rozhlasem a vydal \u0159adu komorn\u00edch i s\u00f3lov\u00fdch nahr\u00e1vek. Hraje na mistrovsk\u00fd n\u00e1stroj Pietro Zanetto di Brescia z roku 1686.<\/p>\n\n\n\n<div class=\"wp-block-buttons is-layout-flex wp-block-buttons-is-layout-flex\">\n<div class=\"wp-block-button\"><a class=\"wp-block-button__link wp-element-button\" href=\"https:\/\/hcimf.cz\/index.php\/program\/\">ZP\u011aT<\/a><\/div>\n\n\n\n<div class=\"wp-block-button\"><a class=\"wp-block-button__link wp-element-button\" href=\"https:\/\/hcimf.cz\/index.php\/program-kacerkova\/\">PROGRAM<\/a><\/div>\n\n\n\n<div class=\"wp-block-button\"><a class=\"wp-block-button__link wp-element-button\" href=\"https:\/\/hcimf.cz\/index.php\/umelci\/\">UM\u011aLCI<\/a><\/div>\n<\/div>\n\n\n\n<p><\/p>\n","protected":false},"excerpt":{"rendered":"<p>Tom\u00e1\u0161 Stra\u0161il je absolventem Pra\u017esk\u00e9 konzervato\u0159e, kde studoval pod veden\u00edm Pavla S\u00e1dla, a Hudebn\u00ed fakulty Akademie m\u00fazick\u00fdch um\u011bn\u00ed v Praze u profesora Rudolfa Lojdy. Sv\u00e9 vzd\u011bl\u00e1n\u00ed si d\u00e1le prohluboval na mistrovsk\u00fdch kurzech u v\u00fdznamn\u00fdch osobnost\u00ed sv\u011btov\u00e9 violoncellov\u00e9 sc\u00e9ny, mezi nimi\u017e byli A. Ariscuren, M. Roche, P. Wispelwey, A. May, F. Smetana, E. Rattay a J. &hellip; <\/p>\n<p class=\"link-more\"><a href=\"https:\/\/hcimf.cz\/index.php\/tomas-strasil\/\" class=\"more-link\">Pokra\u010dovat ve \u010dten\u00ed<span class=\"screen-reader-text\"> &#8222;Tom\u00e1\u0161 Stra\u0161il&#8220;<\/span><\/a><\/p>\n","protected":false},"author":1,"featured_media":0,"parent":0,"menu_order":0,"comment_status":"closed","ping_status":"closed","template":"","meta":{"footnotes":""},"class_list":["post-337","page","type-page","status-publish","hentry"],"_links":{"self":[{"href":"https:\/\/hcimf.cz\/index.php\/wp-json\/wp\/v2\/pages\/337","targetHints":{"allow":["GET"]}}],"collection":[{"href":"https:\/\/hcimf.cz\/index.php\/wp-json\/wp\/v2\/pages"}],"about":[{"href":"https:\/\/hcimf.cz\/index.php\/wp-json\/wp\/v2\/types\/page"}],"author":[{"embeddable":true,"href":"https:\/\/hcimf.cz\/index.php\/wp-json\/wp\/v2\/users\/1"}],"replies":[{"embeddable":true,"href":"https:\/\/hcimf.cz\/index.php\/wp-json\/wp\/v2\/comments?post=337"}],"version-history":[{"count":3,"href":"https:\/\/hcimf.cz\/index.php\/wp-json\/wp\/v2\/pages\/337\/revisions"}],"predecessor-version":[{"id":410,"href":"https:\/\/hcimf.cz\/index.php\/wp-json\/wp\/v2\/pages\/337\/revisions\/410"}],"wp:attachment":[{"href":"https:\/\/hcimf.cz\/index.php\/wp-json\/wp\/v2\/media?parent=337"}],"curies":[{"name":"wp","href":"https:\/\/api.w.org\/{rel}","templated":true}]}}

Tomáš Strašil

<p>Tomáš Strašil je absolventem Pražské konzervatoře, kde studoval pod vedením Pavla Sádla, a Hudební fakulty Akademie múzických umění v Praze u profesora Rudolfa Lojdy. Své vzdělání si dále prohluboval na mistrovských kurzech u významných osobností světové violoncellové scény, mezi nimiž byli A. Ariscuren, M. Roche, P. Wispelwey, A. May, F. Smetana, E. Rattay a J. Chuchro.</p>



<p>Je držitelem čestných uznání ze soutěží o Cenu Beethovenova Hradce a finalistou mezinárodní soutěže Prix Mercury – Semmering 1994. V letech 1994–2000 působil jako koncertní mistr Sukova komorního orchestru. Pravidelně spolupracuje s českými i zahraničními tělesy, například s Brucknerovým orchestrem v Linci, Severočeskou filharmonií Teplice, Filharmonií Hradec Králové nebo ansámblem Musici di Praga.</p>



<p>Vedle orchestrální činnosti se intenzivně věnuje komorní hudbě. Je členem souborů Trio Bergerettes, Mladota Ensemble, Pražské komorní trio a Kubelíkovo kvarteto. Zároveň působí jako umělecký vedoucí komorního orchestru Camerata Bohemica a sdružení Orchestrina Pangea.</p>



<p>Pedagogicky působí na Pražské konzervatoři a na Hudební fakultě AMU v Praze, kde vyučuje hru na violoncello a komorní hudbu. Spolupracuje s Českým rozhlasem a vydal řadu komorních i sólových nahrávek. Hraje na mistrovský nástroj Pietro Zanetto di Brescia z roku 1686.</p>



<div class="wp-block-buttons is-layout-flex wp-block-buttons-is-layout-flex">
<div class="wp-block-button"><a class="wp-block-button__link wp-element-button" href="https://hcimf.cz/index.php/program/">ZPĚT</a></div>



<div class="wp-block-button"><a class="wp-block-button__link wp-element-button" href="https://hcimf.cz/index.php/program-kacerkova/">PROGRAM</a></div>



<div class="wp-block-button"><a class="wp-block-button__link wp-element-button" href="https://hcimf.cz/index.php/umelci/">UMĚLCI</a></div>
</div>



<p></p>

<p>Tomáš Strašil je absolventem Pražské konzervatoře, kde studoval pod vedením Pavla Sádla, a Hudební fakulty Akademie múzických umění v Praze u profesora Rudolfa Lojdy. Své vzdělání si dále prohluboval na mistrovských kurzech u významných osobností světové violoncellové scény, mezi nimiž byli A. Ariscuren, M. Roche, P. Wispelwey, A. May, F. Smetana, E. Rattay a J. &hellip; </p>
<p class="link-more"><a href="https://hcimf.cz/index.php/tomas-strasil/" class="more-link">Pokračovat ve čtení<span class="screen-reader-text"> &#8222;Tomáš Strašil&#8220;</span></a></p>
