{"id":339,"date":"2025-05-25T14:56:12","date_gmt":"2025-05-25T14:56:12","guid":{"rendered":"https:\/\/hcimf.cz\/?page_id=339"},"modified":"2025-05-25T17:40:02","modified_gmt":"2025-05-25T17:40:02","slug":"program-perucki","status":"publish","type":"page","link":"https:\/\/hcimf.cz\/index.php\/program-perucki\/","title":{"rendered":""},"content":{"rendered":"\n<p class=\"has-text-align-center\">J. S. Bach <sup> ( 1685-1750 )<\/sup><br><em>Fantasia a &#8211; moll BWV 561<\/em><\/p>\n\n\n\n<p class=\"has-text-align-center\">J. S. Bach <sup>( 1685-1750 ) <\/sup><br><em>Vater unser im Himmelreich BWV 682<\/em><\/p>\n\n\n\n<p class=\"has-text-align-center\">Felix Mendelssohn Bartholdy <sup>( 1809-1947 )<\/sup><br><em>Sonate nr. 2 c &#8211; moll op. 65<\/em><\/p>\n\n\n\n<p class=\"has-text-align-center\">Marco Enrico Bossi <sup>( 1861-1925 )<\/sup><br><em>Intermezzo lirico<\/em><\/p>\n\n\n\n<p class=\"has-text-align-center\">Wilhelm Friedrich Markull <sup>( 1816-1887 )<\/sup><br><em>Sonate \u00fcber Nun danket alle Gott \/Allegro ma non troppo, Andante, Allegro Vivace<\/em><\/p>\n\n\n\n<p class=\"has-text-align-center\">Leon Boellmann <sup>( 1862-1897 )<\/sup><br><em>Suite gothique op. 25: Introduction-Choral, Menuet, Priere a Notre-Dame, Toccata<\/em><\/p>\n\n\n\n<p><\/p>\n\n\n\n<div class=\"wp-block-buttons is-content-justification-center is-layout-flex wp-container-core-buttons-is-layout-16018d1d wp-block-buttons-is-layout-flex\">\n<div class=\"wp-block-button\"><a class=\"wp-block-button__link has-text-align-center wp-element-button\" href=\"https:\/\/hcimf.cz\/index.php\/program\/\">PROGRAM FESTIVALU<\/a><\/div>\n<\/div>\n\n\n\n<p><\/p>\n","protected":false},"excerpt":{"rendered":"<p>J. S. Bach ( 1685-1750 )Fantasia a &#8211; moll BWV 561 J. S. Bach ( 1685-1750 ) Vater unser im Himmelreich BWV 682 Felix Mendelssohn Bartholdy ( 1809-1947 )Sonate nr. 2 c &#8211; moll op. 65 Marco Enrico Bossi ( 1861-1925 )Intermezzo lirico Wilhelm Friedrich Markull ( 1816-1887 )Sonate \u00fcber Nun danket alle Gott \/Allegro &hellip; <\/p>\n<p class=\"link-more\"><a href=\"https:\/\/hcimf.cz\/index.php\/program-perucki\/\" class=\"more-link\">Pokra\u010dovat ve \u010dten\u00ed<span class=\"screen-reader-text\"> &#8222;&#8220;<\/span><\/a><\/p>\n","protected":false},"author":1,"featured_media":0,"parent":0,"menu_order":0,"comment_status":"closed","ping_status":"closed","template":"","meta":{"footnotes":""},"class_list":["post-339","page","type-page","status-publish","hentry"],"_links":{"self":[{"href":"https:\/\/hcimf.cz\/index.php\/wp-json\/wp\/v2\/pages\/339","targetHints":{"allow":["GET"]}}],"collection":[{"href":"https:\/\/hcimf.cz\/index.php\/wp-json\/wp\/v2\/pages"}],"about":[{"href":"https:\/\/hcimf.cz\/index.php\/wp-json\/wp\/v2\/types\/page"}],"author":[{"embeddable":true,"href":"https:\/\/hcimf.cz\/index.php\/wp-json\/wp\/v2\/users\/1"}],"replies":[{"embeddable":true,"href":"https:\/\/hcimf.cz\/index.php\/wp-json\/wp\/v2\/comments?post=339"}],"version-history":[{"count":18,"href":"https:\/\/hcimf.cz\/index.php\/wp-json\/wp\/v2\/pages\/339\/revisions"}],"predecessor-version":[{"id":455,"href":"https:\/\/hcimf.cz\/index.php\/wp-json\/wp\/v2\/pages\/339\/revisions\/455"}],"wp:attachment":[{"href":"https:\/\/hcimf.cz\/index.php\/wp-json\/wp\/v2\/media?parent=339"}],"curies":[{"name":"wp","href":"https:\/\/api.w.org\/{rel}","templated":true}]}}

<p class="has-text-align-center">J. S. Bach <sup> ( 1685-1750 )</sup><br><em>Fantasia a &#8211; moll BWV 561</em></p>



<p class="has-text-align-center">J. S. Bach <sup>( 1685-1750 ) </sup><br><em>Vater unser im Himmelreich BWV 682</em></p>



<p class="has-text-align-center">Felix Mendelssohn Bartholdy <sup>( 1809-1947 )</sup><br><em>Sonate nr. 2 c &#8211; moll op. 65</em></p>



<p class="has-text-align-center">Marco Enrico Bossi <sup>( 1861-1925 )</sup><br><em>Intermezzo lirico</em></p>



<p class="has-text-align-center">Wilhelm Friedrich Markull <sup>( 1816-1887 )</sup><br><em>Sonate über Nun danket alle Gott /Allegro ma non troppo, Andante, Allegro Vivace</em></p>



<p class="has-text-align-center">Leon Boellmann <sup>( 1862-1897 )</sup><br><em>Suite gothique op. 25: Introduction-Choral, Menuet, Priere a Notre-Dame, Toccata</em></p>



<p></p>



<div class="wp-block-buttons is-content-justification-center is-layout-flex wp-container-core-buttons-is-layout-16018d1d wp-block-buttons-is-layout-flex">
<div class="wp-block-button"><a class="wp-block-button__link has-text-align-center wp-element-button" href="https://hcimf.cz/index.php/program/">PROGRAM FESTIVALU</a></div>
</div>



<p></p>

<p>J. S. Bach ( 1685-1750 )Fantasia a &#8211; moll BWV 561 J. S. Bach ( 1685-1750 ) Vater unser im Himmelreich BWV 682 Felix Mendelssohn Bartholdy ( 1809-1947 )Sonate nr. 2 c &#8211; moll op. 65 Marco Enrico Bossi ( 1861-1925 )Intermezzo lirico Wilhelm Friedrich Markull ( 1816-1887 )Sonate über Nun danket alle Gott /Allegro &hellip; </p>
<p class="link-more"><a href="https://hcimf.cz/index.php/program-perucki/" class="more-link">Pokračovat ve čtení<span class="screen-reader-text"> &#8222;&#8220;</span></a></p>
