{"id":390,"date":"2025-05-25T16:12:37","date_gmt":"2025-05-25T16:12:37","guid":{"rendered":"https:\/\/hcimf.cz\/?page_id=390"},"modified":"2025-05-25T18:12:51","modified_gmt":"2025-05-25T18:12:51","slug":"karolina-cingrosova","status":"publish","type":"page","link":"https:\/\/hcimf.cz\/index.php\/karolina-cingrosova\/","title":{"rendered":"Karol\u00edna Cingro\u0161ov\u00e1"},"content":{"rendered":"\n<p>Karol\u00edna p\u016fsob\u00ed jako koncertn\u00ed zp\u011bva\u010dka, um\u011bleck\u00e1 \u0159editelka festivalu Hudba z r\u00e1je, p\u0159\u00edle\u017eitostn\u011b jako moder\u00e1torka a je \u010dlenkou Opera studio Praha. M\u00e1 zku\u0161enosti i z opern\u00edch jevi\u0161\u0165, nap\u0159\u00edklad z NDM Ostrava a DJKT Plze\u0148.<\/p>\n\n\n\n<p>Vystupuje s takovy\u0301mi t\u011blesy, jako jsou SO\u010cR, Moravsk\u00e1 filharmonie Olomouc, Barocco sempre giovane, Karlovarsky\u0301 symfonicky\u0301 orchestr anebo \u00dast\u0159edn\u00ed hudba Arm\u00e1dy \u010cR.<\/p>\n\n\n\n<p>Je velmi v\u0161estrann\u00e1. Zam\u011b\u0159uje se na klasicky\u0301 i modern\u00ed opern\u00ed reperto\u00e1r, v\u011bnuje se p\u00eds\u0148ov\u00e9 tvorb\u011b, oratorn\u00ed i star\u00e9 hudb\u011b, r\u00e1da si ud\u011bl\u00e1 vy\u0301let i do oblasti \u0161pan\u011blsky\u0301ch zarzuel, klasick\u00e9ho muzik\u00e1lu nebo swingu. V roce 2020 z\u00edskala 2. cenu na presti\u017en\u00ed p\u011bveck\u00e9 sout\u011b\u017ei ve V\u00eddni.<\/p>\n\n\n\n<div class=\"wp-block-buttons is-layout-flex wp-block-buttons-is-layout-flex\">\n<div class=\"wp-block-button\"><a class=\"wp-block-button__link wp-element-button\" href=\"https:\/\/hcimf.cz\/index.php\/program\/\">ZP\u011aT<\/a><\/div>\n\n\n\n<div class=\"wp-block-button\"><a class=\"wp-block-button__link wp-element-button\" href=\"https:\/\/hcimf.cz\/index.php\/program-koncertu-karolina-cingrosova-anna-paulova-lukas-sommer\/\">PROGRAM<\/a><\/div>\n\n\n\n<div class=\"wp-block-button\"><a class=\"wp-block-button__link wp-element-button\" href=\"https:\/\/hcimf.cz\/index.php\/umelci\/\">UM\u011aLCI<\/a><\/div>\n<\/div>\n","protected":false},"excerpt":{"rendered":"<p>Karol\u00edna p\u016fsob\u00ed jako koncertn\u00ed zp\u011bva\u010dka, um\u011bleck\u00e1 \u0159editelka festivalu Hudba z r\u00e1je, p\u0159\u00edle\u017eitostn\u011b jako moder\u00e1torka a je \u010dlenkou Opera studio Praha. M\u00e1 zku\u0161enosti i z opern\u00edch jevi\u0161\u0165, nap\u0159\u00edklad z NDM Ostrava a DJKT Plze\u0148. Vystupuje s takovy\u0301mi t\u011blesy, jako jsou SO\u010cR, Moravsk\u00e1 filharmonie Olomouc, Barocco sempre giovane, Karlovarsky\u0301 symfonicky\u0301 orchestr anebo \u00dast\u0159edn\u00ed hudba Arm\u00e1dy \u010cR. Je &hellip; <\/p>\n<p class=\"link-more\"><a href=\"https:\/\/hcimf.cz\/index.php\/karolina-cingrosova\/\" class=\"more-link\">Pokra\u010dovat ve \u010dten\u00ed<span class=\"screen-reader-text\"> &#8222;Karol\u00edna Cingro\u0161ov\u00e1&#8220;<\/span><\/a><\/p>\n","protected":false},"author":1,"featured_media":0,"parent":0,"menu_order":0,"comment_status":"closed","ping_status":"closed","template":"","meta":{"footnotes":""},"class_list":["post-390","page","type-page","status-publish","hentry"],"_links":{"self":[{"href":"https:\/\/hcimf.cz\/index.php\/wp-json\/wp\/v2\/pages\/390","targetHints":{"allow":["GET"]}}],"collection":[{"href":"https:\/\/hcimf.cz\/index.php\/wp-json\/wp\/v2\/pages"}],"about":[{"href":"https:\/\/hcimf.cz\/index.php\/wp-json\/wp\/v2\/types\/page"}],"author":[{"embeddable":true,"href":"https:\/\/hcimf.cz\/index.php\/wp-json\/wp\/v2\/users\/1"}],"replies":[{"embeddable":true,"href":"https:\/\/hcimf.cz\/index.php\/wp-json\/wp\/v2\/comments?post=390"}],"version-history":[{"count":5,"href":"https:\/\/hcimf.cz\/index.php\/wp-json\/wp\/v2\/pages\/390\/revisions"}],"predecessor-version":[{"id":460,"href":"https:\/\/hcimf.cz\/index.php\/wp-json\/wp\/v2\/pages\/390\/revisions\/460"}],"wp:attachment":[{"href":"https:\/\/hcimf.cz\/index.php\/wp-json\/wp\/v2\/media?parent=390"}],"curies":[{"name":"wp","href":"https:\/\/api.w.org\/{rel}","templated":true}]}}

Karolína Cingrošová

<p>Karolína působí jako koncertní zpěvačka, umělecká ředitelka festivalu Hudba z ráje, příležitostně jako moderátorka a je členkou Opera studio Praha. Má zkušenosti i z operních jevišť, například z NDM Ostrava a DJKT Plzeň.</p>



<p>Vystupuje s takovými tělesy, jako jsou SOČR, Moravská filharmonie Olomouc, Barocco sempre giovane, Karlovarský symfonický orchestr anebo Ústřední hudba Armády ČR.</p>



<p>Je velmi všestranná. Zaměřuje se na klasický i moderní operní repertoár, věnuje se písňové tvorbě, oratorní i staré hudbě, ráda si udělá výlet i do oblasti španělských zarzuel, klasického muzikálu nebo swingu. V roce 2020 získala 2. cenu na prestižní pěvecké soutěži ve Vídni.</p>



<div class="wp-block-buttons is-layout-flex wp-block-buttons-is-layout-flex">
<div class="wp-block-button"><a class="wp-block-button__link wp-element-button" href="https://hcimf.cz/index.php/program/">ZPĚT</a></div>



<div class="wp-block-button"><a class="wp-block-button__link wp-element-button" href="https://hcimf.cz/index.php/program-koncertu-karolina-cingrosova-anna-paulova-lukas-sommer/">PROGRAM</a></div>



<div class="wp-block-button"><a class="wp-block-button__link wp-element-button" href="https://hcimf.cz/index.php/umelci/">UMĚLCI</a></div>
</div>

<p>Karolína působí jako koncertní zpěvačka, umělecká ředitelka festivalu Hudba z ráje, příležitostně jako moderátorka a je členkou Opera studio Praha. Má zkušenosti i z operních jevišť, například z NDM Ostrava a DJKT Plzeň. Vystupuje s takovými tělesy, jako jsou SOČR, Moravská filharmonie Olomouc, Barocco sempre giovane, Karlovarský symfonický orchestr anebo Ústřední hudba Armády ČR. Je &hellip; </p>
<p class="link-more"><a href="https://hcimf.cz/index.php/karolina-cingrosova/" class="more-link">Pokračovat ve čtení<span class="screen-reader-text"> &#8222;Karolína Cingrošová&#8220;</span></a></p>
